 r(-2).
16
Let n(c) = -c**3 + 7*c**2 - 11*c + 9. Determine n(6).
-21
Let r(x) = -2*x**2 + 32*x - 6. Calculate r(16).
-6
Let n(m) = 5*m**3 - m**2 - 2*m + 8. Determine n(2).
40
Let s(g) = -3*g**2 - 15*g - 68. What is s(-4)?
-56
Let k(b) = -b**3 + 3. Give k(0).
3
Let j(x) = -2*x**3 + 26*x**2 - 4*x + 71. Determine j(13).
19
Let z(d) = -8*d + 130. Calculate z(16).
2
Let m(y) = -2*y**2 + 13. Calculate m(6).
-59
Let w(b) = 37*b + 6. Determine w(-3).
-105
Let q(l) = -3*l**2 + 5*l + 19. Calculate q(-4).
-49
Let o(h) = -h**3 - 7*h**2 + 8*h - 3. Calculate o(-8).
-3
Let r(u) = -u**3 - 9*u**2 + 5*u + 4. Give r(-10).
54
Let o(f) = -f**2 - 2. Give o(-3).
-11
Let y(d) = -d**3 + 21*d**2 + 2*d + 21. Determine y(21).
63
Let x(h) = -2*h**3 - 13*h**2 + 12*h + 15. What is x(-7)?
-20
Let z(s) = -9*s - 250. What is z(-28)?
2
Let x(h) = h**2 - 3*h + 1. Determine x(-4).
29
Let a(c) = -167*c + 3. Calculate a(1).
-164
Let q(v) = -58*v - 1162. Give q(-20).
-2
Let w(u) = -u**2 - 2*u + 3. Determine w(2).
-5
Let s(l) = l**2 + l - 16. Give s(-4).
-4
Let x(c) = 166*c - 991. What is x(6)?
5
Let u(z) = -z**3 + 11*z**2 + 13*z + 3. Determine u(12).
15
Let h(z) = -4*z**2 - 8*z - 8. Determine h(-3).
-20
Let w(p) = 2*p - 32. Determine w(13).
-6
Let q(v) = v**3 + 21*v**2 - v - 17. Give q(-21).
4
Let x(y) = 6*y - 2. Calculate x(3).
16
Let f(g) = -g**2 - 7*g + 5. Determine f(-6).
11
Let u(q) = -q**3 + 33*q**2 - 89*q - 32. Give u(30).
-2
Let m(r) = -2*r - 4. Determine m(3).
-10
Let t(y) = 2*y**2 + y - 40. Calculate t(-7).
51
Let a(v) = -v**3 + 2*v**2 + 42*v - 17. Determine a(7).
32
Let g(o) = o**3 - 9*o**2 - 3*o + 8. Determine g(9).
-19
Let q(v) = v**2 - 36*v + 289. Give q(23).
-10
Let t(q) = -q - 17. Give t(-9).
-8
Let m(d) = -d + 17. Give m(2).
15
Let h(m) = -2*m + 2. Calculate h(10).
-18
Let x(d) = -3*d**2 - 7*d - 3. What is x(-1)?
1
Let k(j) = 2*j**3 - 10*j**2 + 12*j - 22. Give k(4).
-6
Let v(d) = d - 10. What is v(-8)?
-18
Let g(d) = -d - 7. Give g(5).
-12
Let r(t) = t**3 - 15*t**2 + t - 6. Give r(15).
9
Let y(p) = -p**3 - 6*p**2 - 3*p - 2. Give y(-6).
16
Let n(v) = -v**3 + 24*v**2 - 30*v + 157. What is n(23)?
-4
Let p(r) = 2*r**3 - 10*r**2 - 2*r - 10. Calculate p(5).
-20
Let q(h) = -18*h + 214. Calculate q(12).
-2
Let k(a) = -a**3 - a**2 + 4*a + 3. Determine k(-3).
9
Let l(x) = x + 82. Calculate l(-25).
57
Let w(q) = 2*q**2 + 22*q. What is w(-11)?
0
Let m(g) = -22*g + 21. Calculate m(6).
-111
Let i(m) = m**2 + 2*m - 53. What is i(6)?
-5
Let x(z) = z - 11. What is x(8)?
-3
Let s(b) = -3*b**3 + 21*b**2 - 2*b - 6. Calculate s(7).
-20
Let k(w) = -w**2 + 5*w + 23. Determine k(11).
-43
Let c(f) = -f**3 - 18*f**2 + 40*f + 9. Give c(-20).
9
Let g(m) = m**3 + 3*m**2 + 4*m + 3. Give g(-3).
-9
Let r(s) = s**2 - 4*s + 15. What is r(5)?
20
Let f(v) = -2*v**2 + 46*v + 6. What is f(22)?
50
Let g(k) = 36*k + 180. Give g(-5).
0
Let d(r) = 7*r**2 + 9*r - 2. What is d(-2)?
8
Let j(m) = -2*m**3 - 3*m**2 + 6. Determine j(-2).
10
Let y(u) = 2*u + 7. Calculate y(-15).
-23
Let a(w) = -75*w + 8. Give a(-1).
83
Let n(i) = -i - 35. Calculate n(-35).
0
Let c(y) = -50*y + 301. What is c(6)?
1
Let t(x) = -3*x**2 - 71*x - 23. Determine t(-23).
23
Let y(d) = -d**3 - d**2 + 3*d - 4. Determine y(-3).
5
Let p(o) = 5*o - 47. Determine p(8).
-7
Let u(f) = -2*f + 10. What is u(10)?
-10
Let p(d) = -10*d**2 - 6*d - 5. Give p(-1).
-9
Let x(o) = o**3 - o**2 - 2*o + 22. Calculate x(0).
22
Let u(k) = 4*k + 20. Determine u(-4).
4
Let t(a) = -a + 10. Give t(11).
-1
Let m(f) = -f**3 - 8*f**2 - 8*f - 3. Calculate m(-7).
4
Let r(q) = q**2 - 14*q + 20. Calculate r(11).
-13
Let h(u) = -2*u**2 + 2*u + 22. Calculate h(5).
-18
Let s(o) = o**2 + 5*o - 16. What is s(3)?
8
Let w(l) = 3*l + 4. What is w(-8)?
-20
Let s(t) = -t**3 + 4*t**2 - t - 3. Give s(3).
3
Let v(o) = -o**3 - o**2 - 2*o - 13. Determine v(0).
-13
Let u(y) = y + 4. Determine u(-5).
-1
Let l(t) = 2*t**2 + t - 295. What is l(-12)?
-19
Let o(d) = -18*d - 70. Determine o(-5).
20
Let l(i) = i**2 + 14*i - 2. Calculate l(-15).
13
Let d(l) = -2*l + 19. Determine d(8).
3
Let k(r) = r**2 - 38. What is k(0)?
-38
Let h(n) = n**2 - 2*n - 16. Determine h(-7).
47
Let a(y) = -y**3 + 32*y**2 - y - 3. Calculate a(32).
-35
Let p(o) = -o**3 + 4*o**2 + 23*o - 6. What is p(-3)?
-12
Let u(r) = 2*r - 12. Calculate u(7).
2
Let p(m) = -13*m**3 + m**2 + 3*m + 1. Determine p(-1).
12
Let v(q) = q**2 - 7*q - 7. What is v(7)?
-7
Let n(w) = 5*w - 16. What is n(3)?
-1
Let u(y) = -y**2 - 53*y - 312. Determine u(-7).
10
Let z(t) = -t - 3. Give z(-3).
0
Let r(a) = -2*a + 25. What is r(12)?
1
Let w(x) = -19*x - 1. Determine w(-3).
56
Let p(t) = -11*t + 12. Determine p(2).
-10
Let j(u) = -4*u + 19. Calculate j(7).
-9
Let w(j) = 4*j + 9. What is w(-4)?
-7
Let j(l) = -3*l + 6. Give j(0).
6
Let a(d) = d**3 + 3*d**2 - d + 2. What is a(-3)?
5
Let v(n) = n**2 - 35*n + 273. Determine v(12).
-3
Let u(h) = 8*h**2 + 8*h + 7. What is u(-1)?
7
Let z(m) = -m**3 + m**2 - 4*m + 2. Calculate z(3).
-28
Let w(c) = 12*c + 356. Determine w(-29).
8
Let w(m) = 4*m**2 + 10*m + 6. Determine w(-4).
30
Let v(d) = 3*d**2 + 2*d - 2. What is v(1)?
3
Let y(w) = -2*w**2 + 47*w + 317. Calculate y(29).
-2
Let r(j) = -6*j**2 - 14*j - 22. What is r(-3)?
-34
Let n(h) = -5*h**2 + 44*h + 9. Calculate n(9).
0
Let k(f) = -12*f**2 + f + 2. Determine k(-1).
-11
Let j(g) = -g + 1. Determine j(-5).
6
Let x(p) = -10*p - 18. What is x(-6)?
42
Let q(t) = -2*t**2 - 8*t + 4. What is q(-6)?
-20
Let m(p) = 2*p + 11. Determine m(-5).
1
Let w(b) = b**2 + 8*b - 26. Give w(3).
7
Let q(i) = -13*i + 2. Determine q(-1).
15
Let b(a) = a**3 + 5*a**2 - 3*a - 6. Give b(-6).
-24
Let t(k) = 4*k**2 + 15*k + 19. What is t(-6)?
73
Let a(p) = p**3 - 7*p**2 + 4*p + 4. Calculate a(7).
32
Let i(d) = 3*d + 80. Give i(-25).
5
Let h(t) = -7*t - 18. Give h(-3).
3
Let s(p) = 3*p + 8. Give s(-6).
-10
Let o(l) = -37*l - 959. Give o(-26).
3
Let j(v) = -8*v. Calculate j(6).
-48
Let l(s) = -36*s + 1. What is l(-1)?
37
Let z(s) = s**3 + 12*s**2 + 37*s + 6. What is z(-7)?
-8
Let q(b) = -64*b - 28. Determine q(-2).
100
Let d(q) = -2*q - 7. Calculate d(-3).
-1
Let f(j) = 5*j**3 + j**2 + 2*j - 2. Calculate f(1).
6
Let b(o) = 7*o**3 - o**2 - 2*o + 2. Give b(1).
6
Let f(a) = -a**3 + 4*a**2 + 2*a - 1. What is f(4)?
7
Let u(k) = 2*k**2 + 16*k. Calculate u(-8).
0
Let c(l) = l**2 + 4*l - 1. Give c(-5).
4
Let h(i) = -3*i**3 + 25*i**2 - 45*i + 15. Give h(6).
-3
Let z(y) = -y**3 - 6*y**2 + 6*y - 3. Calculate z(-6).
-39
Let c(d) = 13*d - 5. Give c(8).
99
Let r(u) = -u**3 + u**2 - 2*u - 2. Determine r(-2).
14
Let b(x) = x**2 + 12*x + 1. Determine b(-10).
-19
Let l(w) = w**2 - 3*w - 2. Determine l(4).
2
Let o(g) = -2*g - 71. What is o(-35)?
-1
Let o(f) = -10*f + 17. Determine o(3).
-13
Let h(r) = -2*r**3 + 14*r**2 + 15*r + 2. Give h(8).
-6
Let v(d) = d**3 - 5*d**2 - 3*d + 7. Determine v(5).
-8
Let a(p) = p**3 - 5*p + 8. Determine a(2).
6
Let h(c) = c**2 - c - 19. Determine h(10).
71
Let d(m) = -m**2 + 3*m + 16. What is d(6)?
-2
Let y(v) = 3*v**3 + 33*v**2 - v - 22. Determine y(-11).
-11
Let a(m) = -4*m**3 + 3*m**2 - 7*m - 15. Calculate a(-2).
43
Let f(p) = p**3 - 3*p**2 - p + 3. Calculate f(-2).
-15
Let l(n) = -n**3 + 16*n**2 - 15*n - 8. What is l(15)?
-8
Let d(u) = u. Determine d(2).
2
Let w(z) = z + 17. Calculate w(-19).
-2
Let c(f) = -2*f**2 + 4*f + 8. Give c(6).
-40
Let z(h) = -h**3 - 17*h**2 - 25*h + 20. Calculate z(-15).
-55
Let v(w) = 75*w**2 - 3*w + 2. What is v(1)?
74
Let h(g) = 2*g + 8. Give h(-5).
-2
Let f(d) = d**3 - 24*d**2 - 26*d + 37. What is f(25)?
12
Let h(z) = 17*z + 1. What is h(3)?
52
Let u(s) = s**3 - s**2 + 27. Give u(0).
27
Let n(x) = x**2 + 11*x + 33. Calculate n(-12).
45
Let b(r) = r**3 + 3*r**2 - 8*r - 4. Determine b(-5).
-14
Let q(n) = -n**3 - 13*n**2 - 22*n + 25. Calculate q(-11).
25
Let w(y) = 9*y**3 - y**2 - 2. What is w(-2)?
-78
Let h(p) = -20*p + 242. What is h(12)?
2
Let w(h) = h**3 - 9*h**2 - 8*h - 5. What is w(8)?
-133
Let j(r) = -r**2 + 12*r - 30. Give j(14).
-58
Let t(g) = g**3 - g**2 - 7*g - 7. Give t(-3).
-22
Let x(l) = l**2 - 20. Determine x(9).
61
Let l(c) = -c**2 - 7*c - 5. Give l(-7).
-5
Let u(p) = p**3 + p**2 + p - 27. Give u(0).
-27
Let w(k) = k**2 - 14*k + 4. Calculate w(10).
-36
Let h(p) = 4*p + 13. Calculate h(0).
13
Let f(d) = 5*d**2 + 50*d - 13. Give 